{"id":1100,"date":"2017-12-11T09:48:46","date_gmt":"2017-12-11T09:48:46","guid":{"rendered":"http:\/\/dunewellnessgroup.com\/dune-de-l-orient-hotel-puducherry-tamil-nadu-india\/?page_id=1100"},"modified":"2019-04-29T22:25:47","modified_gmt":"2019-04-29T22:25:47","slug":"histoire-colonie-francaise-pondichery","status":"publish","type":"page","link":"http:\/\/dunewellnessgroup.com\/dune-orient\/hotel-pondichery\/decouvrir\/histoire-colonie-francaise-pondichery\/","title":{"rendered":"Histoire coloniale fran\u00e7aise"},"content":{"rendered":"","protected":false},"excerpt":{"rendered":"","protected":false},"author":4,"featured_media":1122,"parent":423,"menu_order":1,"comment_status":"closed","ping_status":"closed","template":"","meta":{"_acf_changed":false,"footnotes":""},"class_list":["post-1100","page","type-page","status-publish","has-post-thumbnail","hentry"],"acf":[],"yoast_head":"<!-- This site is optimized with the Yoast SEO Premium plugin v27.1 (Yoast SEO v27.1.1) - https:\/\/yoast.com\/product\/yoast-seo-premium-wordpress\/ -->\n<title>Histoire coloniale fran\u00e7aise de Pondich\u00e9ry<\/title>\n<meta name=\"description\" content=\"Pondich\u00e9ry est le fruit d&#039;une histoire coloniale fran\u00e7aise marqu\u00e9e par le commerce de la Compagnie des Indes et du gouverneur Joseph Fran\u00e7ois Dupleix (1742)\" \/>\n<meta name=\"robots\" content=\"index, follow, max-snippet:-1, max-image-preview:large, max-video-preview:-1\" \/>\n<link rel=\"canonical\" href=\"https:\/\/dunewellnessgroup.com\/dune-orient\/fr\/hotel-pondichery\/decouvrir\/histoire-colonie-francaise-pondichery\/\" \/>\n<meta property=\"og:locale\" content=\"en_US\" \/>\n<meta property=\"og:type\" content=\"article\" \/>\n<meta property=\"og:title\" content=\"Histoire coloniale fran\u00e7aise\" \/>\n<meta property=\"og:description\" content=\"Pondich\u00e9ry est le fruit d&#039;une histoire coloniale fran\u00e7aise marqu\u00e9e par le commerce de la Compagnie des Indes et du gouverneur Joseph Fran\u00e7ois Dupleix (1742)\" \/>\n<meta property=\"og:url\" content=\"https:\/\/dunewellnessgroup.com\/dune-orient\/fr\/hotel-pondichery\/decouvrir\/histoire-colonie-francaise-pondichery\/\" \/>\n<meta property=\"og:site_name\" content=\"Dune de l&#039;Orient at Puducherry\" \/>\n<meta property=\"article:publisher\" content=\"https:\/\/www.facebook.com\/search\/top\/?q=dune%20de%20l%27orient\" \/>\n<meta property=\"article:modified_time\" content=\"2019-04-29T22:25:47+00:00\" \/>\n<meta property=\"og:image\" content=\"https:\/\/dunewellnessgroup.com\/wp-content\/uploads\/sites\/61\/2017\/12\/Pondy-Map-1705-1-1.jpg\" \/>\n\t<meta property=\"og:image:width\" content=\"1600\" \/>\n\t<meta property=\"og:image:height\" content=\"850\" \/>\n\t<meta property=\"og:image:type\" content=\"image\/jpeg\" \/>\n<meta name=\"twitter:card\" content=\"summary_large_image\" \/>\n<script type=\"application\/ld+json\" class=\"yoast-schema-graph\">{\"@context\":\"https:\/\/schema.org\",\"@graph\":[{\"@type\":\"WebPage\",\"@id\":\"https:\/\/dunewellnessgroup.com\/dune-orient\/fr\/hotel-pondichery\/decouvrir\/histoire-colonie-francaise-pondichery\/\",\"url\":\"https:\/\/dunewellnessgroup.com\/dune-orient\/fr\/hotel-pondichery\/decouvrir\/histoire-colonie-francaise-pondichery\/\",\"name\":\"Histoire coloniale fran\u00e7aise de Pondich\u00e9ry\",\"isPartOf\":{\"@id\":\"https:\/\/dunewellnessgroup.com\/dune-orient\/#website\"},\"primaryImageOfPage\":{\"@id\":\"https:\/\/dunewellnessgroup.com\/dune-orient\/fr\/hotel-pondichery\/decouvrir\/histoire-colonie-francaise-pondichery\/#primaryimage\"},\"image\":{\"@id\":\"https:\/\/dunewellnessgroup.com\/dune-orient\/fr\/hotel-pondichery\/decouvrir\/histoire-colonie-francaise-pondichery\/#primaryimage\"},\"thumbnailUrl\":\"http:\/\/dunewellnessgroup.com\/wp-content\/uploads\/sites\/61\/2017\/12\/Pondy-Map-1705-1-1.jpg\",\"datePublished\":\"2017-12-11T09:48:46+00:00\",\"dateModified\":\"2019-04-29T22:25:47+00:00\",\"description\":\"Pondich\u00e9ry est le fruit d\\\\'une histoire coloniale fran\u00e7aise marqu\u00e9e par le commerce de la Compagnie des Indes et du gouverneur Joseph Fran\u00e7ois Dupleix (1742)\",\"breadcrumb\":{\"@id\":\"https:\/\/dunewellnessgroup.com\/dune-orient\/fr\/hotel-pondichery\/decouvrir\/histoire-colonie-francaise-pondichery\/#breadcrumb\"},\"inLanguage\":\"en-US\",\"potentialAction\":[{\"@type\":\"ReadAction\",\"target\":[\"https:\/\/dunewellnessgroup.com\/dune-orient\/fr\/hotel-pondichery\/decouvrir\/histoire-colonie-francaise-pondichery\/\"]}]},{\"@type\":\"ImageObject\",\"inLanguage\":\"en-US\",\"@id\":\"https:\/\/dunewellnessgroup.com\/dune-orient\/fr\/hotel-pondichery\/decouvrir\/histoire-colonie-francaise-pondichery\/#primaryimage\",\"url\":\"http:\/\/dunewellnessgroup.com\/wp-content\/uploads\/sites\/61\/2017\/12\/Pondy-Map-1705-1-1.jpg\",\"contentUrl\":\"http:\/\/dunewellnessgroup.com\/wp-content\/uploads\/sites\/61\/2017\/12\/Pondy-Map-1705-1-1.jpg\",\"width\":1600,\"height\":850,\"caption\":\"The hotel is in the center of the French town\"},{\"@type\":\"BreadcrumbList\",\"@id\":\"https:\/\/dunewellnessgroup.com\/dune-orient\/fr\/hotel-pondichery\/decouvrir\/histoire-colonie-francaise-pondichery\/#breadcrumb\",\"itemListElement\":[{\"@type\":\"ListItem\",\"position\":1,\"name\":\"Home\",\"item\":\"https:\/\/dunewellnessgroup.com\/dune-orient\/\"},{\"@type\":\"ListItem\",\"position\":2,\"name\":\"H\u00f4tel Pondich\u00e9ry (CATEGORIE)\",\"item\":\"https:\/\/dunewellnessgroup.com\/dune-orient\/fr\/hotel-pondichery\/\"},{\"@type\":\"ListItem\",\"position\":3,\"name\":\"A d\u00e9couvrir\",\"item\":\"https:\/\/dunewellnessgroup.com\/dune-orient\/fr\/hotel-pondichery\/decouvrir\/\"},{\"@type\":\"ListItem\",\"position\":4,\"name\":\"Histoire coloniale fran\u00e7aise\"}]},{\"@type\":\"WebSite\",\"@id\":\"https:\/\/dunewellnessgroup.com\/dune-orient\/#website\",\"url\":\"https:\/\/dunewellnessgroup.com\/dune-orient\/\",\"name\":\"Dune de l&#039;Orient at Puducherry\",\"description\":\"Just another Dune Wellness Group site\",\"potentialAction\":[{\"@type\":\"SearchAction\",\"target\":{\"@type\":\"EntryPoint\",\"urlTemplate\":\"https:\/\/dunewellnessgroup.com\/dune-orient\/?s={search_term_string}\"},\"query-input\":{\"@type\":\"PropertyValueSpecification\",\"valueRequired\":true,\"valueName\":\"search_term_string\"}}],\"inLanguage\":\"en-US\"}]}<\/script>\n<!-- \/ Yoast SEO Premium plugin. -->","yoast_head_json":{"title":"Histoire coloniale fran\u00e7aise de Pondich\u00e9ry","description":"Pondich\u00e9ry est le fruit d'une histoire coloniale fran\u00e7aise marqu\u00e9e par le commerce de la Compagnie des Indes et du gouverneur Joseph Fran\u00e7ois Dupleix (1742)","robots":{"index":"index","follow":"follow","max-snippet":"max-snippet:-1","max-image-preview":"max-image-preview:large","max-video-preview":"max-video-preview:-1"},"canonical":"https:\/\/dunewellnessgroup.com\/dune-orient\/fr\/hotel-pondichery\/decouvrir\/histoire-colonie-francaise-pondichery\/","og_locale":"en_US","og_type":"article","og_title":"Histoire coloniale fran\u00e7aise","og_description":"Pondich\u00e9ry est le fruit d'une histoire coloniale fran\u00e7aise marqu\u00e9e par le commerce de la Compagnie des Indes et du gouverneur Joseph Fran\u00e7ois Dupleix (1742)","og_url":"https:\/\/dunewellnessgroup.com\/dune-orient\/fr\/hotel-pondichery\/decouvrir\/histoire-colonie-francaise-pondichery\/","og_site_name":"Dune de l&#039;Orient at Puducherry","article_publisher":"https:\/\/www.facebook.com\/search\/top\/?q=dune%20de%20l%27orient","article_modified_time":"2019-04-29T22:25:47+00:00","og_image":[{"width":1600,"height":850,"url":"https:\/\/dunewellnessgroup.com\/wp-content\/uploads\/sites\/61\/2017\/12\/Pondy-Map-1705-1-1.jpg","type":"image\/jpeg"}],"twitter_card":"summary_large_image","schema":{"@context":"https:\/\/schema.org","@graph":[{"@type":"WebPage","@id":"https:\/\/dunewellnessgroup.com\/dune-orient\/fr\/hotel-pondichery\/decouvrir\/histoire-colonie-francaise-pondichery\/","url":"https:\/\/dunewellnessgroup.com\/dune-orient\/fr\/hotel-pondichery\/decouvrir\/histoire-colonie-francaise-pondichery\/","name":"Histoire coloniale fran\u00e7aise de Pondich\u00e9ry","isPartOf":{"@id":"https:\/\/dunewellnessgroup.com\/dune-orient\/#website"},"primaryImageOfPage":{"@id":"https:\/\/dunewellnessgroup.com\/dune-orient\/fr\/hotel-pondichery\/decouvrir\/histoire-colonie-francaise-pondichery\/#primaryimage"},"image":{"@id":"https:\/\/dunewellnessgroup.com\/dune-orient\/fr\/hotel-pondichery\/decouvrir\/histoire-colonie-francaise-pondichery\/#primaryimage"},"thumbnailUrl":"http:\/\/dunewellnessgroup.com\/wp-content\/uploads\/sites\/61\/2017\/12\/Pondy-Map-1705-1-1.jpg","datePublished":"2017-12-11T09:48:46+00:00","dateModified":"2019-04-29T22:25:47+00:00","description":"Pondich\u00e9ry est le fruit d\\'une histoire coloniale fran\u00e7aise marqu\u00e9e par le commerce de la Compagnie des Indes et du gouverneur Joseph Fran\u00e7ois Dupleix (1742)","breadcrumb":{"@id":"https:\/\/dunewellnessgroup.com\/dune-orient\/fr\/hotel-pondichery\/decouvrir\/histoire-colonie-francaise-pondichery\/#breadcrumb"},"inLanguage":"en-US","potentialAction":[{"@type":"ReadAction","target":["https:\/\/dunewellnessgroup.com\/dune-orient\/fr\/hotel-pondichery\/decouvrir\/histoire-colonie-francaise-pondichery\/"]}]},{"@type":"ImageObject","inLanguage":"en-US","@id":"https:\/\/dunewellnessgroup.com\/dune-orient\/fr\/hotel-pondichery\/decouvrir\/histoire-colonie-francaise-pondichery\/#primaryimage","url":"http:\/\/dunewellnessgroup.com\/wp-content\/uploads\/sites\/61\/2017\/12\/Pondy-Map-1705-1-1.jpg","contentUrl":"http:\/\/dunewellnessgroup.com\/wp-content\/uploads\/sites\/61\/2017\/12\/Pondy-Map-1705-1-1.jpg","width":1600,"height":850,"caption":"The hotel is in the center of the French town"},{"@type":"BreadcrumbList","@id":"https:\/\/dunewellnessgroup.com\/dune-orient\/fr\/hotel-pondichery\/decouvrir\/histoire-colonie-francaise-pondichery\/#breadcrumb","itemListElement":[{"@type":"ListItem","position":1,"name":"Home","item":"https:\/\/dunewellnessgroup.com\/dune-orient\/"},{"@type":"ListItem","position":2,"name":"H\u00f4tel Pondich\u00e9ry (CATEGORIE)","item":"https:\/\/dunewellnessgroup.com\/dune-orient\/fr\/hotel-pondichery\/"},{"@type":"ListItem","position":3,"name":"A d\u00e9couvrir","item":"https:\/\/dunewellnessgroup.com\/dune-orient\/fr\/hotel-pondichery\/decouvrir\/"},{"@type":"ListItem","position":4,"name":"Histoire coloniale fran\u00e7aise"}]},{"@type":"WebSite","@id":"https:\/\/dunewellnessgroup.com\/dune-orient\/#website","url":"https:\/\/dunewellnessgroup.com\/dune-orient\/","name":"Dune de l&#039;Orient at Puducherry","description":"Just another Dune Wellness Group site","potentialAction":[{"@type":"SearchAction","target":{"@type":"EntryPoint","urlTemplate":"https:\/\/dunewellnessgroup.com\/dune-orient\/?s={search_term_string}"},"query-input":{"@type":"PropertyValueSpecification","valueRequired":true,"valueName":"search_term_string"}}],"inLanguage":"en-US"}]}},"_links":{"self":[{"href":"http:\/\/dunewellnessgroup.com\/dune-orient\/wp-json\/wp\/v2\/pages\/1100","targetHints":{"allow":["GET"]}}],"collection":[{"href":"http:\/\/dunewellnessgroup.com\/dune-orient\/wp-json\/wp\/v2\/pages"}],"about":[{"href":"http:\/\/dunewellnessgroup.com\/dune-orient\/wp-json\/wp\/v2\/types\/page"}],"author":[{"embeddable":true,"href":"http:\/\/dunewellnessgroup.com\/dune-orient\/wp-json\/wp\/v2\/users\/4"}],"replies":[{"embeddable":true,"href":"http:\/\/dunewellnessgroup.com\/dune-orient\/wp-json\/wp\/v2\/comments?post=1100"}],"version-history":[{"count":4,"href":"http:\/\/dunewellnessgroup.com\/dune-orient\/wp-json\/wp\/v2\/pages\/1100\/revisions"}],"predecessor-version":[{"id":1346,"href":"http:\/\/dunewellnessgroup.com\/dune-orient\/wp-json\/wp\/v2\/pages\/1100\/revisions\/1346"}],"up":[{"embeddable":true,"href":"http:\/\/dunewellnessgroup.com\/dune-orient\/wp-json\/wp\/v2\/pages\/423"}],"wp:featuredmedia":[{"embeddable":true,"href":"http:\/\/dunewellnessgroup.com\/dune-orient\/wp-json\/wp\/v2\/media\/1122"}],"wp:attachment":[{"href":"http:\/\/dunewellnessgroup.com\/dune-orient\/wp-json\/wp\/v2\/media?parent=1100"}],"curies":[{"name":"wp","href":"https:\/\/api.w.org\/{rel}","templated":true}]}}