{"id":44,"date":"2017-07-13T14:20:43","date_gmt":"2017-07-13T14:20:43","guid":{"rendered":"http:\/\/elephantvalley.devdreamware.com\/?page_id=44&#038;lang=fr"},"modified":"2019-03-30T03:57:36","modified_gmt":"2019-03-30T03:57:36","slug":"wanacom-welcome-bienvenue","status":"publish","type":"page","link":"http:\/\/dunewellnessgroup.com\/elephant-valley\/wanacom-welcome-bienvenue\/","title":{"rendered":"Bienvenue"},"content":{"rendered":"","protected":false},"excerpt":{"rendered":"","protected":false},"author":1,"featured_media":604,"parent":0,"menu_order":0,"comment_status":"closed","ping_status":"closed","template":"","meta":{"_acf_changed":false,"footnotes":""},"class_list":["post-44","page","type-page","status-publish","has-post-thumbnail","hentry"],"acf":[],"yoast_head":"<!-- This site is optimized with the Yoast SEO Premium plugin v27.1 (Yoast SEO v27.1.1) - https:\/\/yoast.com\/product\/yoast-seo-premium-wordpress\/ -->\n<title>Elephan Valley - Eco h\u00f4tel Inde situ\u00e9e en Inde du Sud<\/title>\n<meta name=\"description\" content=\"Envie de vous d\u00e9connecter ? S\u00e9journez au Elephan Valley, eco h\u00f4tel situ\u00e9e en Inde du Sud, et prenez le temps de vous ressourcer en plein nature\" \/>\n<meta name=\"robots\" content=\"index, follow, max-snippet:-1, max-image-preview:large, max-video-preview:-1\" \/>\n<link rel=\"canonical\" href=\"https:\/\/dunewellnessgroup.com\/elephant-valley\/fr\/\" \/>\n<meta property=\"og:locale\" content=\"en_US\" \/>\n<meta property=\"og:type\" content=\"article\" \/>\n<meta property=\"og:title\" content=\"Bienvenue\" \/>\n<meta property=\"og:description\" content=\"Envie de vous d\u00e9connecter ? S\u00e9journez au Elephan Valley, eco h\u00f4tel situ\u00e9e en Inde du Sud, et prenez le temps de vous ressourcer en plein nature\" \/>\n<meta property=\"og:url\" content=\"https:\/\/dunewellnessgroup.com\/elephant-valley\/fr\/\" \/>\n<meta property=\"og:site_name\" content=\"Elephant Valley\" \/>\n<meta property=\"article:publisher\" content=\"https:\/\/www.facebook.com\/DuneElephantValley\" \/>\n<meta property=\"article:modified_time\" content=\"2019-03-30T03:57:36+00:00\" \/>\n<meta property=\"og:image\" content=\"https:\/\/dunewellnessgroup.com\/wp-content\/uploads\/sites\/23\/2016\/04\/KeralaH.jpg\" \/>\n\t<meta property=\"og:image:width\" content=\"1600\" \/>\n\t<meta property=\"og:image:height\" content=\"853\" \/>\n\t<meta property=\"og:image:type\" content=\"image\/jpeg\" \/>\n<meta name=\"twitter:card\" content=\"summary_large_image\" \/>\n<script type=\"application\/ld+json\" class=\"yoast-schema-graph\">{\"@context\":\"https:\/\/schema.org\",\"@graph\":[{\"@type\":\"WebPage\",\"@id\":\"https:\/\/dunewellnessgroup.com\/elephant-valley\/fr\/\",\"url\":\"https:\/\/dunewellnessgroup.com\/elephant-valley\/fr\/\",\"name\":\"Elephan Valley - Eco h\u00f4tel Inde situ\u00e9e en Inde du Sud\",\"isPartOf\":{\"@id\":\"https:\/\/dunewellnessgroup.com\/elephant-valley\/#website\"},\"primaryImageOfPage\":{\"@id\":\"https:\/\/dunewellnessgroup.com\/elephant-valley\/fr\/#primaryimage\"},\"image\":{\"@id\":\"https:\/\/dunewellnessgroup.com\/elephant-valley\/fr\/#primaryimage\"},\"thumbnailUrl\":\"http:\/\/dunewellnessgroup.com\/wp-content\/uploads\/sites\/23\/2016\/04\/KeralaH.jpg\",\"datePublished\":\"2017-07-13T14:20:43+00:00\",\"dateModified\":\"2019-03-30T03:57:36+00:00\",\"description\":\"Envie de vous d\u00e9connecter ? S\u00e9journez au Elephan Valley, eco h\u00f4tel situ\u00e9e en Inde du Sud, et prenez le temps de vous ressourcer en plein nature\",\"breadcrumb\":{\"@id\":\"https:\/\/dunewellnessgroup.com\/elephant-valley\/fr\/#breadcrumb\"},\"inLanguage\":\"en-US\",\"potentialAction\":[{\"@type\":\"ReadAction\",\"target\":[\"https:\/\/dunewellnessgroup.com\/elephant-valley\/fr\/\"]}]},{\"@type\":\"ImageObject\",\"inLanguage\":\"en-US\",\"@id\":\"https:\/\/dunewellnessgroup.com\/elephant-valley\/fr\/#primaryimage\",\"url\":\"http:\/\/dunewellnessgroup.com\/wp-content\/uploads\/sites\/23\/2016\/04\/KeralaH.jpg\",\"contentUrl\":\"http:\/\/dunewellnessgroup.com\/wp-content\/uploads\/sites\/23\/2016\/04\/KeralaH.jpg\",\"width\":1600,\"height\":853,\"caption\":\"Wanacom, Welcome and Bienvenue at Dune Elephant Valley, near Kodaikanal, Eco Farm Hotel is a nature reserve, organic farm and plantation welcoming eco-tourists and nature lovers all year round.\"},{\"@type\":\"BreadcrumbList\",\"@id\":\"https:\/\/dunewellnessgroup.com\/elephant-valley\/fr\/#breadcrumb\",\"itemListElement\":[{\"@type\":\"ListItem\",\"position\":1,\"name\":\"Home\",\"item\":\"https:\/\/dunewellnessgroup.com\/elephant-valley\/\"},{\"@type\":\"ListItem\",\"position\":2,\"name\":\"Bienvenue\"}]},{\"@type\":\"WebSite\",\"@id\":\"https:\/\/dunewellnessgroup.com\/elephant-valley\/#website\",\"url\":\"https:\/\/dunewellnessgroup.com\/elephant-valley\/\",\"name\":\"Elephant Valley Hotel\",\"description\":\"Just another Dune wellness group site\",\"publisher\":{\"@id\":\"https:\/\/dunewellnessgroup.com\/elephant-valley\/#organization\"},\"potentialAction\":[{\"@type\":\"SearchAction\",\"target\":{\"@type\":\"EntryPoint\",\"urlTemplate\":\"https:\/\/dunewellnessgroup.com\/elephant-valley\/?s={search_term_string}\"},\"query-input\":{\"@type\":\"PropertyValueSpecification\",\"valueRequired\":true,\"valueName\":\"search_term_string\"}}],\"inLanguage\":\"en-US\"},{\"@type\":\"Organization\",\"@id\":\"https:\/\/dunewellnessgroup.com\/elephant-valley\/#organization\",\"name\":\"Elephant Valley Hotel\",\"url\":\"https:\/\/dunewellnessgroup.com\/elephant-valley\/\",\"logo\":{\"@type\":\"ImageObject\",\"inLanguage\":\"en-US\",\"@id\":\"https:\/\/dunewellnessgroup.com\/elephant-valley\/#\/schema\/logo\/image\/\",\"url\":\"https:\/\/dunewellnessgroup.com\/tanjore-hi\/wp-content\/uploads\/sites\/23\/2016\/06\/DUNEelephantvalley.png\",\"contentUrl\":\"https:\/\/dunewellnessgroup.com\/tanjore-hi\/wp-content\/uploads\/sites\/23\/2016\/06\/DUNEelephantvalley.png\",\"width\":1000,\"height\":1000,\"caption\":\"Elephant Valley Hotel\"},\"image\":{\"@id\":\"https:\/\/dunewellnessgroup.com\/elephant-valley\/#\/schema\/logo\/image\/\"},\"sameAs\":[\"https:\/\/www.facebook.com\/DuneElephantValley\"]}]}<\/script>\n<!-- \/ Yoast SEO Premium plugin. -->","yoast_head_json":{"title":"Elephan Valley - Eco h\u00f4tel Inde situ\u00e9e en Inde du Sud","description":"Envie de vous d\u00e9connecter ? S\u00e9journez au Elephan Valley, eco h\u00f4tel situ\u00e9e en Inde du Sud, et prenez le temps de vous ressourcer en plein nature","robots":{"index":"index","follow":"follow","max-snippet":"max-snippet:-1","max-image-preview":"max-image-preview:large","max-video-preview":"max-video-preview:-1"},"canonical":"https:\/\/dunewellnessgroup.com\/elephant-valley\/fr\/","og_locale":"en_US","og_type":"article","og_title":"Bienvenue","og_description":"Envie de vous d\u00e9connecter ? S\u00e9journez au Elephan Valley, eco h\u00f4tel situ\u00e9e en Inde du Sud, et prenez le temps de vous ressourcer en plein nature","og_url":"https:\/\/dunewellnessgroup.com\/elephant-valley\/fr\/","og_site_name":"Elephant Valley","article_publisher":"https:\/\/www.facebook.com\/DuneElephantValley","article_modified_time":"2019-03-30T03:57:36+00:00","og_image":[{"width":1600,"height":853,"url":"https:\/\/dunewellnessgroup.com\/wp-content\/uploads\/sites\/23\/2016\/04\/KeralaH.jpg","type":"image\/jpeg"}],"twitter_card":"summary_large_image","schema":{"@context":"https:\/\/schema.org","@graph":[{"@type":"WebPage","@id":"https:\/\/dunewellnessgroup.com\/elephant-valley\/fr\/","url":"https:\/\/dunewellnessgroup.com\/elephant-valley\/fr\/","name":"Elephan Valley - Eco h\u00f4tel Inde situ\u00e9e en Inde du Sud","isPartOf":{"@id":"https:\/\/dunewellnessgroup.com\/elephant-valley\/#website"},"primaryImageOfPage":{"@id":"https:\/\/dunewellnessgroup.com\/elephant-valley\/fr\/#primaryimage"},"image":{"@id":"https:\/\/dunewellnessgroup.com\/elephant-valley\/fr\/#primaryimage"},"thumbnailUrl":"http:\/\/dunewellnessgroup.com\/wp-content\/uploads\/sites\/23\/2016\/04\/KeralaH.jpg","datePublished":"2017-07-13T14:20:43+00:00","dateModified":"2019-03-30T03:57:36+00:00","description":"Envie de vous d\u00e9connecter ? S\u00e9journez au Elephan Valley, eco h\u00f4tel situ\u00e9e en Inde du Sud, et prenez le temps de vous ressourcer en plein nature","breadcrumb":{"@id":"https:\/\/dunewellnessgroup.com\/elephant-valley\/fr\/#breadcrumb"},"inLanguage":"en-US","potentialAction":[{"@type":"ReadAction","target":["https:\/\/dunewellnessgroup.com\/elephant-valley\/fr\/"]}]},{"@type":"ImageObject","inLanguage":"en-US","@id":"https:\/\/dunewellnessgroup.com\/elephant-valley\/fr\/#primaryimage","url":"http:\/\/dunewellnessgroup.com\/wp-content\/uploads\/sites\/23\/2016\/04\/KeralaH.jpg","contentUrl":"http:\/\/dunewellnessgroup.com\/wp-content\/uploads\/sites\/23\/2016\/04\/KeralaH.jpg","width":1600,"height":853,"caption":"Wanacom, Welcome and Bienvenue at Dune Elephant Valley, near Kodaikanal, Eco Farm Hotel is a nature reserve, organic farm and plantation welcoming eco-tourists and nature lovers all year round."},{"@type":"BreadcrumbList","@id":"https:\/\/dunewellnessgroup.com\/elephant-valley\/fr\/#breadcrumb","itemListElement":[{"@type":"ListItem","position":1,"name":"Home","item":"https:\/\/dunewellnessgroup.com\/elephant-valley\/"},{"@type":"ListItem","position":2,"name":"Bienvenue"}]},{"@type":"WebSite","@id":"https:\/\/dunewellnessgroup.com\/elephant-valley\/#website","url":"https:\/\/dunewellnessgroup.com\/elephant-valley\/","name":"Elephant Valley Hotel","description":"Just another Dune wellness group site","publisher":{"@id":"https:\/\/dunewellnessgroup.com\/elephant-valley\/#organization"},"potentialAction":[{"@type":"SearchAction","target":{"@type":"EntryPoint","urlTemplate":"https:\/\/dunewellnessgroup.com\/elephant-valley\/?s={search_term_string}"},"query-input":{"@type":"PropertyValueSpecification","valueRequired":true,"valueName":"search_term_string"}}],"inLanguage":"en-US"},{"@type":"Organization","@id":"https:\/\/dunewellnessgroup.com\/elephant-valley\/#organization","name":"Elephant Valley Hotel","url":"https:\/\/dunewellnessgroup.com\/elephant-valley\/","logo":{"@type":"ImageObject","inLanguage":"en-US","@id":"https:\/\/dunewellnessgroup.com\/elephant-valley\/#\/schema\/logo\/image\/","url":"https:\/\/dunewellnessgroup.com\/tanjore-hi\/wp-content\/uploads\/sites\/23\/2016\/06\/DUNEelephantvalley.png","contentUrl":"https:\/\/dunewellnessgroup.com\/tanjore-hi\/wp-content\/uploads\/sites\/23\/2016\/06\/DUNEelephantvalley.png","width":1000,"height":1000,"caption":"Elephant Valley Hotel"},"image":{"@id":"https:\/\/dunewellnessgroup.com\/elephant-valley\/#\/schema\/logo\/image\/"},"sameAs":["https:\/\/www.facebook.com\/DuneElephantValley"]}]}},"_links":{"self":[{"href":"http:\/\/dunewellnessgroup.com\/elephant-valley\/wp-json\/wp\/v2\/pages\/44","targetHints":{"allow":["GET"]}}],"collection":[{"href":"http:\/\/dunewellnessgroup.com\/elephant-valley\/wp-json\/wp\/v2\/pages"}],"about":[{"href":"http:\/\/dunewellnessgroup.com\/elephant-valley\/wp-json\/wp\/v2\/types\/page"}],"author":[{"embeddable":true,"href":"http:\/\/dunewellnessgroup.com\/elephant-valley\/wp-json\/wp\/v2\/users\/1"}],"replies":[{"embeddable":true,"href":"http:\/\/dunewellnessgroup.com\/elephant-valley\/wp-json\/wp\/v2\/comments?post=44"}],"version-history":[{"count":0,"href":"http:\/\/dunewellnessgroup.com\/elephant-valley\/wp-json\/wp\/v2\/pages\/44\/revisions"}],"wp:featuredmedia":[{"embeddable":true,"href":"http:\/\/dunewellnessgroup.com\/elephant-valley\/wp-json\/wp\/v2\/media\/604"}],"wp:attachment":[{"href":"http:\/\/dunewellnessgroup.com\/elephant-valley\/wp-json\/wp\/v2\/media?parent=44"}],"curies":[{"name":"wp","href":"https:\/\/api.w.org\/{rel}","templated":true}]}}